{"id":884,"date":"2015-12-11T16:58:13","date_gmt":"2015-12-11T16:58:13","guid":{"rendered":"https:\/\/garni-hotel-roedelheimerhof.de\/?page_id=884"},"modified":"2019-07-10T10:36:19","modified_gmt":"2019-07-10T10:36:19","slug":"approach","status":"publish","type":"page","link":"https:\/\/garni-hotel-roedelheimerhof.de\/?page_id=884&lang=en","title":{"rendered":"Approach"},"content":{"rendered":"<p>[vc_row][vc_column width=&#8221;1\/1&#8243;][vc_column_text c_id=&#8221;.vc_1562754975923&#8243;]<div id=\"metaslider-id-1703\" style=\"width: 100%; margin: 0 auto;\" class=\"ml-slider-3-109-0 metaslider metaslider-nivo metaslider-1703 ml-slider ms-theme-default\" role=\"region\" aria-label=\"Startseite\" data-height=\"400\" data-width=\"1400\">\n    <div id=\"metaslider_container_1703\">\n        <div class='slider-wrapper theme-default'><div class='ribbon'><\/div><div id='metaslider_1703' class='nivoSlider'><img src=\"https:\/\/garni-hotel-roedelheimerhof.de\/wp-content\/uploads\/rh-index-1276x364.jpg\" height=\"400\" width=\"1400\" title=\"rh-index\" alt=\"\" class=\"slider-1703 slide-1706 msDefaultImage\" \/><img src=\"https:\/\/garni-hotel-roedelheimerhof.de\/wp-content\/uploads\/hotel-frankfurt-rezeption-001-1400x400.jpg\" height=\"400\" width=\"1400\" title=\"hotel-frankfurt-rezeption-001\" alt=\"\" class=\"slider-1703 slide-2068 msDefaultImage\" \/><img src=\"https:\/\/garni-hotel-roedelheimerhof.de\/wp-content\/uploads\/hotel-frankfurt-rezeption-006-1400x400.jpg\" height=\"400\" width=\"1400\" title=\"hotel-frankfurt-rezeption-006\" alt=\"\" class=\"slider-1703 slide-2072 msDefaultImage\" \/><img src=\"https:\/\/garni-hotel-roedelheimerhof.de\/wp-content\/uploads\/hotel-frankfurt-fruehstuecksraum-001-1400x400.jpg\" height=\"400\" width=\"1400\" title=\"hotel-frankfurt-fruehstuecksraum-001\" alt=\"\" class=\"slider-1703 slide-2069 msDefaultImage\" \/><img src=\"https:\/\/garni-hotel-roedelheimerhof.de\/wp-content\/uploads\/hotel-frankfurt-fruehstuecksraum-005-1400x400.jpg\" height=\"400\" width=\"1400\" title=\"hotel-frankfurt-fruehstuecksraum-005\" alt=\"\" class=\"slider-1703 slide-2073 msDefaultImage\" \/><img src=\"https:\/\/garni-hotel-roedelheimerhof.de\/wp-content\/uploads\/Doppelbettzimmer51-1400x400.jpg\" height=\"400\" width=\"1400\" title=\"Doppelbettzimmer5\" alt=\"\" class=\"slider-1703 slide-1707 msDefaultImage\" \/><img src=\"https:\/\/garni-hotel-roedelheimerhof.de\/wp-content\/uploads\/12238292_1164647006896781_5656245165468549644_o-1400x400.jpg\" height=\"400\" width=\"1400\" title=\"12238292_1164647006896781_5656245165468549644_o\" alt=\"\" class=\"slider-1703 slide-1705 msDefaultImage\" \/><img src=\"https:\/\/garni-hotel-roedelheimerhof.de\/wp-content\/uploads\/12237966_1164646896896792_6273323633236795062_o-1400x400.jpg\" height=\"400\" width=\"1400\" title=\"12237966_1164646896896792_6273323633236795062_o\" alt=\"\" class=\"slider-1703 slide-1704 msDefaultImage\" \/><img src=\"https:\/\/garni-hotel-roedelheimerhof.de\/wp-content\/uploads\/Doppelbettzimmer5-1400x400.jpg\" height=\"400\" width=\"1400\" title=\"Doppelbettzimmer5\" alt=\"\" class=\"slider-1703 slide-1708 msDefaultImage\" \/><\/div><\/div>\n        \n    <\/div>\n<\/div>[\/vc_column_text][\/vc_column][\/vc_row][vc_row][vc_column width=&#8221;2\/3&#8243;][vc_column_text c_id=&#8221;.vc_1449853521396&#8243;]<\/p>\n<h3>Approach to our Garni Hotel R\u00f6delheimer Hof<\/h3>\n<h2>Approach by car<\/h2>\n<p>Coming from the South: via &#8220;Frankfurter Kreuz&#8221;, exit &#8220;Nordwestkreuz&#8221;, depart &#8220;R\u00f6delheim\/Eschborn&#8221;. Turn right onto the &#8220;Lorscher Stra\u00dfe&#8221;, follow it for 200m and use the first turn right to the &#8220;Friedrich-Kahl-Stra\u00dfe&#8221;.<\/p>\n<p>Coming from the North: Exit &#8220;Nordwestkreuz&#8221;, depart &#8220;Eschborn&#8221;. Immediately turn into the &#8220;Gewerbegebiet Ost (Gro\u00dfm\u00e4rkte)&#8221; and make a u-turn at the traffic lights. Keep left to turn to &#8220;R\u00f6delheim&#8221;.<br \/>\nYou are now onto the &#8220;Loscher Stra\u00dfe&#8221;. Take the second exit left to the &#8220;Friedrich-Kahl-Stra\u00dfe&#8221;<\/p>\n<h2>Public Transportation<\/h2>\n<p>From the Frankfurt Main Station: S-3 direction Bad Soden, S-4 direction Kronberg or S-5 direction Friedrichsdorf, until the stop R\u00f6delheim. From here on you need approximately 15 minutes by foot, or you can take the bus line 252 until &#8220;Friedrich-Kahl-Stra\u00dfe&#8221;. You can also take a Taxi from R\u00f6delheim Station to our Hotel (about 6\u20ac) but please tell the Driver the name of our Hotel as well as our Street: Friedrich-Kahl Str. 22a<\/p>\n<p><b>Adresse:<\/b><\/p>\n<p>Garni Hotel R\u00f6delheimer Hof<br \/>\nFriedrich Kahl Str. 22a<br \/>\n60489 Frankfurt am Main[\/vc_column_text][\/vc_column][vc_column width=&#8221;1\/3&#8243;][vc_column_text c_id=&#8221;.vc_1449853681319&#8243;]<\/p>\n<h3>Distances<\/h3>\n<ul>\n<li>Fair <strong>3,5km<\/strong><\/li>\n<li>Main Station <strong>4,5 km<\/strong><\/li>\n<li>Airport <strong>12 km<\/strong><\/li>\n<li>Center <strong>5,5 km<\/strong><\/li>\n<li>Frankfurt B\u00f6rse: <strong>~5,5 km<\/strong><\/li>\n<li>R\u00f6delheim <strong>1 km<\/strong><\/li>\n<li>Ffm R\u00f6delheim (S-Bahn) <strong>1 km<\/strong><\/li>\n<li>Eschborn <strong>2 km<\/strong><\/li>\n<li>Eschborn South (S-Bahn) <strong>2 km<\/strong><\/li>\n<li>Finanzplatz Eschborn <strong>3,5km<\/strong><\/li>\n<li>Schwalbach <strong>~3,5 km<\/strong><\/li>\n<li>Kronberg <strong>~4,5 km<\/strong><\/li>\n<li>Autobahn A5, A3 and A661 <strong>1 km<\/strong><\/li>\n<\/ul>\n<p>[\/vc_column_text][\/vc_column][\/vc_row]<\/p>\n","protected":false},"excerpt":{"rendered":"<p>[vc_row][vc_column width=&#8221;1\/1&#8243;][vc_column_text c_id=&#8221;.vc_1562754975923&#8243;][\/vc_column_text][\/vc_column][\/vc_row][vc_row][vc_column width=&#8221;2\/3&#8243;][vc_column_text c_id=&#8221;.vc_1449853521396&#8243;] Approach to our Garni Hotel R\u00f6delheimer Hof Approach by car Coming from the South: via &#8220;Frankfurter Kreuz&#8221;, exit &#8220;Nordwestkreuz&#8221;, depart &#8220;R\u00f6delheim\/Eschborn&#8221;. Turn right onto the &#8220;Lorscher Stra\u00dfe&#8221;, follow it for 200m and use the first turn right to the &#8220;Friedrich-Kahl-Stra\u00dfe&#8221;. Coming from the North: Exit &#8220;Nordwestkreuz&#8221;, depart &#8220;Eschborn&#8221;. Immediately turn [&hellip;]<\/p>\n","protected":false},"author":1,"featured_media":0,"parent":0,"menu_order":5,"comment_status":"closed","ping_status":"open","template":"","meta":[],"aioseo_notices":[],"_links":{"self":[{"href":"https:\/\/garni-hotel-roedelheimerhof.de\/index.php?rest_route=\/wp\/v2\/pages\/884"}],"collection":[{"href":"https:\/\/garni-hotel-roedelheimerhof.de\/index.php?rest_route=\/wp\/v2\/pages"}],"about":[{"href":"https:\/\/garni-hotel-roedelheimerhof.de\/index.php?rest_route=\/wp\/v2\/types\/page"}],"author":[{"embeddable":true,"href":"https:\/\/garni-hotel-roedelheimerhof.de\/index.php?rest_route=\/wp\/v2\/users\/1"}],"replies":[{"embeddable":true,"href":"https:\/\/garni-hotel-roedelheimerhof.de\/index.php?rest_route=%2Fwp%2Fv2%2Fcomments&post=884"}],"version-history":[{"count":5,"href":"https:\/\/garni-hotel-roedelheimerhof.de\/index.php?rest_route=\/wp\/v2\/pages\/884\/revisions"}],"predecessor-version":[{"id":2007,"href":"https:\/\/garni-hotel-roedelheimerhof.de\/index.php?rest_route=\/wp\/v2\/pages\/884\/revisions\/2007"}],"wp:attachment":[{"href":"https:\/\/garni-hotel-roedelheimerhof.de\/index.php?rest_route=%2Fwp%2Fv2%2Fmedia&parent=884"}],"curies":[{"name":"wp","href":"https:\/\/api.w.org\/{rel}","templated":true}]}}