{"id":7,"date":"2013-09-03T07:47:23","date_gmt":"2013-09-03T07:47:23","guid":{"rendered":"https:\/\/garni-hotel-roedelheimerhof.de\/?page_id=7"},"modified":"2022-03-30T10:36:27","modified_gmt":"2022-03-30T10:36:27","slug":"hotel","status":"publish","type":"page","link":"https:\/\/garni-hotel-roedelheimerhof.de\/?page_id=7","title":{"rendered":"Hotel"},"content":{"rendered":"<p>[vc_row][vc_column width=&#8221;1\/1&#8243;][vc_column_text c_id=&#8221;.vc_1542035528637&#8243;]<div id=\"metaslider-id-1703\" style=\"width: 100%; margin: 0 auto;\" class=\"ml-slider-3-109-0 metaslider metaslider-nivo metaslider-1703 ml-slider ms-theme-default\" role=\"region\" aria-label=\"Startseite\" data-height=\"400\" data-width=\"1400\">\n    <div id=\"metaslider_container_1703\">\n        <div class='slider-wrapper theme-default'><div class='ribbon'><\/div><div id='metaslider_1703' class='nivoSlider'><img src=\"https:\/\/garni-hotel-roedelheimerhof.de\/wp-content\/uploads\/rh-index-1276x364.jpg\" height=\"400\" width=\"1400\" title=\"rh-index\" alt=\"\" class=\"slider-1703 slide-1706 msDefaultImage\" \/><img src=\"https:\/\/garni-hotel-roedelheimerhof.de\/wp-content\/uploads\/hotel-frankfurt-rezeption-001-1400x400.jpg\" height=\"400\" width=\"1400\" title=\"hotel-frankfurt-rezeption-001\" alt=\"\" class=\"slider-1703 slide-2068 msDefaultImage\" \/><img src=\"https:\/\/garni-hotel-roedelheimerhof.de\/wp-content\/uploads\/hotel-frankfurt-rezeption-006-1400x400.jpg\" height=\"400\" width=\"1400\" title=\"hotel-frankfurt-rezeption-006\" alt=\"\" class=\"slider-1703 slide-2072 msDefaultImage\" \/><img src=\"https:\/\/garni-hotel-roedelheimerhof.de\/wp-content\/uploads\/hotel-frankfurt-fruehstuecksraum-001-1400x400.jpg\" height=\"400\" width=\"1400\" title=\"hotel-frankfurt-fruehstuecksraum-001\" alt=\"\" class=\"slider-1703 slide-2069 msDefaultImage\" \/><img src=\"https:\/\/garni-hotel-roedelheimerhof.de\/wp-content\/uploads\/hotel-frankfurt-fruehstuecksraum-005-1400x400.jpg\" height=\"400\" width=\"1400\" title=\"hotel-frankfurt-fruehstuecksraum-005\" alt=\"\" class=\"slider-1703 slide-2073 msDefaultImage\" \/><img src=\"https:\/\/garni-hotel-roedelheimerhof.de\/wp-content\/uploads\/Doppelbettzimmer51-1400x400.jpg\" height=\"400\" width=\"1400\" title=\"Doppelbettzimmer5\" alt=\"\" class=\"slider-1703 slide-1707 msDefaultImage\" \/><img src=\"https:\/\/garni-hotel-roedelheimerhof.de\/wp-content\/uploads\/12238292_1164647006896781_5656245165468549644_o-1400x400.jpg\" height=\"400\" width=\"1400\" title=\"12238292_1164647006896781_5656245165468549644_o\" alt=\"\" class=\"slider-1703 slide-1705 msDefaultImage\" \/><img src=\"https:\/\/garni-hotel-roedelheimerhof.de\/wp-content\/uploads\/12237966_1164646896896792_6273323633236795062_o-1400x400.jpg\" height=\"400\" width=\"1400\" title=\"12237966_1164646896896792_6273323633236795062_o\" alt=\"\" class=\"slider-1703 slide-1704 msDefaultImage\" \/><img src=\"https:\/\/garni-hotel-roedelheimerhof.de\/wp-content\/uploads\/Doppelbettzimmer5-1400x400.jpg\" height=\"400\" width=\"1400\" title=\"Doppelbettzimmer5\" alt=\"\" class=\"slider-1703 slide-1708 msDefaultImage\" \/><\/div><\/div>\n        \n    <\/div>\n<\/div>[\/vc_column_text][vc_column_text c_id=&#8221;.vc_1562600734021&#8243;]<\/p>\n<h2 style=\"color: black; text-align: center;\" align=\"center\">Direktbuchung:<\/h2>\n<div id=\"d21-quickbook\" data-d21=\"{'hasHorizontalOrientation':true}\"><\/div>\n<p>[\/vc_column_text][vc_column_text c_id=&#8221;.vc_1448987199667&#8243;]<\/p>\n<h1 style=\"text-align: center;\">Unser Hotel \u2013 das Garni Hotel R\u00f6delheimer Hof<\/h1>\n<p>[\/vc_column_text][vc_column_text c_id=&#8221;.vc_1648636583689&#8243;]<\/p>\n<p style=\"text-align: justify;\">Seit April 2012 d\u00fcrfen wir G\u00e4ste in unserem renovierten Garni Hotel R\u00f6delheimer Hof im Stadtteil R\u00f6delheim in Frankfurt am Main begr\u00fc\u00dfen. Unser Bestreben ist es, Ihnen Ihren Aufenthalt in unserem Haus so angenehm wie m\u00f6glich zu gestalten.<\/p>\n<p style=\"text-align: justify;\">Die zentrale und doch ruhige Lage unseres Garni Hotel erm\u00f6glicht eine entspannte Anreise f\u00fcr unsere G\u00e4ste und ist besonders f\u00fcr PKW- und Busreisende von Vorteil. Autofahrer werden die kostenfreien Parkpl\u00e4tze, die sich direkt am Hotel befinden und in ausreichender Menge zur Verf\u00fcgung stehen, zu sch\u00e4tzen wissen.<\/p>\n<p style=\"text-align: justify;\">Vom Hotel aus, steht einer Besichtigung der Frankfurter Mainmetropole oder einem Besuch der Frankfurter Messe, nichts mehr entgegen. G\u00f6nnen Sie sich unser t\u00e4gliches Fr\u00fchst\u00fccksangebot, bevor Sie sich auf Erkundungstouren durch Frankfurt machen. Es erwartet Sie ein k\u00f6stliches und reichhaltiges Fr\u00fchst\u00fccksbuffet im gem\u00fctlichen Fr\u00fchst\u00fccksraum.<\/p>\n<p style=\"text-align: justify;\">Das Hotel bietet mit seinen komfortabel eingerichteten Zimmern eine \u00dcbernachtung zu jeder Gelegenheit und zu fairen Preisen. Ob Gesch\u00e4fts- oder Privatreisen, Gruppen- oder Vereinsausfl\u00fcge, unser Bestreben ist es, Ihnen Ihren Aufenthalt in unserem Haus so angenehm wie m\u00f6glich zu gestalten.<\/p>\n<p style=\"text-align: justify;\">St\u00f6bern Sie durch unsere Angebote oder setzen Sie sich direkt mit uns in Verbindung um sich \u00fcber unsere Wochenend- und Gruppenangebote zu informieren.<\/p>\n<p style=\"text-align: justify;\">Das Team vom Garni Hotel R\u00f6delheimer Hof in Frankfurt freut sich auf Ihren Besuch.<\/p>\n<div style=\"margin-left: -90px; z-index: 1;\"><\/div>\n<p>[\/vc_column_text][\/vc_column][\/vc_row][vc_row][vc_column width=&#8221;1\/1&#8243;][vc_column_text c_id=&#8221;.vc_1563191236799&#8243;]<\/p>\n<h2 style=\"text-align: center;\">Der Fr\u00fchst\u00fccksraum als 360\u00b0 Bild<\/h2>\n<p>[\/vc_column_text][vc_raw_js]JTNDaWZyYW1lJTIwc3JjJTNEJTIyaHR0cHMlM0ElMkYlMkZ3d3cuZ29vZ2xlLmNvbSUyRm1hcHMlMkZlbWJlZCUzRnBiJTNEJTIxNHYxNTYzMTEwOTY2MzE5JTIxNm04JTIxMW03JTIxMXNDQW9TTEVGR01WRnBjRkJPWmtKbGNHcHRTMmcyYkhjelMybHdkV3hmTkhSeFpYbEZTblJqTjFVM1NrZHpkbTl3JTIxMm0yJTIxMWQ1MC4xMzI0MTU0NTYxODElMjEyZDguNTkzNTI2NzA0Mzg0JTIxM2YyMDQuOTQ5ODY0NDYxNzAyOCUyMTRmLTkuMDg1Nzc1NTkwOTgyNjA3JTIxNWYwLjQwMDAwMDAwMDAwMDAwMDIlMjIlMjB3aWR0aCUzRCUyMjEwMCUyNSUyMiUyMGhlaWdodCUzRCUyMjQ1MCUyMiUyMGZyYW1lYm9yZGVyJTNEJTIyMCUyMiUyMHN0eWxlJTNEJTIyYm9yZGVyJTNBMCUyMiUyMGFsbG93ZnVsbHNjcmVlbiUzRSUzQyUyRmlmcmFtZSUzRQ==[\/vc_raw_js][vc_row_inner][vc_column_inner width=&#8221;1\/1&#8243;][vc_column_text c_id=&#8221;.vc_1449493742591&#8243;]<\/p>\n<div style=\"width: 35%;\"><script src=\"http:\/\/www.hotel.de\/widgets\/widget.aspx?id=176330&amp;tpl=3&amp;lng=de&amp;w=120&amp;h=90&amp;js=1\" type=\"text\/javascript\"><\/script><\/div>\n<p>[\/vc_column_text][vc_column_text c_id=&#8221;.vc_1449493759918&#8243;]<a href=\"http:\/\/www.holidaycheck.de\/h118334\" target=\"_blank\" rel=\"noopener noreferrer\"><img decoding=\"async\" src=\"https:\/\/garni-hotel-roedelheimerhof.de\/wp-content\/uploads\/recommended_on_HC_2015.png\" alt=\"\" \/><br \/>\n<\/a>[\/vc_column_text][vc_gallery type=&#8221;image_grid&#8221; source=&#8221;media_library&#8221; images=&#8221;93,52,55,53,50,49,48,47,46,44,43,42,41,39,728&#8243; onclick=&#8221;link_image&#8221; img_size=&#8221;medium&#8221; column_number=&#8221;5&#8243; grayscale=&#8221;yes&#8221;][\/vc_column_inner][\/vc_row_inner][\/vc_column][\/vc_row]<\/p>\n","protected":false},"excerpt":{"rendered":"<p>[vc_row][vc_column width=&#8221;1\/1&#8243;][vc_column_text c_id=&#8221;.vc_1542035528637&#8243;][\/vc_column_text][vc_column_text c_id=&#8221;.vc_1562600734021&#8243;] Direktbuchung: [\/vc_column_text][vc_column_text c_id=&#8221;.vc_1448987199667&#8243;] Unser Hotel \u2013 das Garni Hotel R\u00f6delheimer Hof [\/vc_column_text][vc_column_text c_id=&#8221;.vc_1648636583689&#8243;] Seit April 2012 d\u00fcrfen wir G\u00e4ste in unserem renovierten Garni Hotel R\u00f6delheimer Hof im Stadtteil R\u00f6delheim in Frankfurt am Main begr\u00fc\u00dfen. Unser Bestreben ist es, Ihnen Ihren Aufenthalt in unserem Haus so angenehm wie m\u00f6glich zu gestalten. Die [&hellip;]<\/p>\n","protected":false},"author":1,"featured_media":0,"parent":0,"menu_order":1,"comment_status":"closed","ping_status":"open","template":"","meta":[],"aioseo_notices":[],"_links":{"self":[{"href":"https:\/\/garni-hotel-roedelheimerhof.de\/index.php?rest_route=\/wp\/v2\/pages\/7"}],"collection":[{"href":"https:\/\/garni-hotel-roedelheimerhof.de\/index.php?rest_route=\/wp\/v2\/pages"}],"about":[{"href":"https:\/\/garni-hotel-roedelheimerhof.de\/index.php?rest_route=\/wp\/v2\/types\/page"}],"author":[{"embeddable":true,"href":"https:\/\/garni-hotel-roedelheimerhof.de\/index.php?rest_route=\/wp\/v2\/users\/1"}],"replies":[{"embeddable":true,"href":"https:\/\/garni-hotel-roedelheimerhof.de\/index.php?rest_route=%2Fwp%2Fv2%2Fcomments&post=7"}],"version-history":[{"count":82,"href":"https:\/\/garni-hotel-roedelheimerhof.de\/index.php?rest_route=\/wp\/v2\/pages\/7\/revisions"}],"predecessor-version":[{"id":2412,"href":"https:\/\/garni-hotel-roedelheimerhof.de\/index.php?rest_route=\/wp\/v2\/pages\/7\/revisions\/2412"}],"wp:attachment":[{"href":"https:\/\/garni-hotel-roedelheimerhof.de\/index.php?rest_route=%2Fwp%2Fv2%2Fmedia&parent=7"}],"curies":[{"name":"wp","href":"https:\/\/api.w.org\/{rel}","templated":true}]}}