{"id":461,"date":"2015-12-01T10:29:35","date_gmt":"2015-12-01T10:29:35","guid":{"rendered":"https:\/\/garni-hotel-roedelheimerhof.de\/?page_id=461"},"modified":"2023-11-21T09:04:48","modified_gmt":"2023-11-21T09:04:48","slug":"garni-hotel-roedelheimerhof","status":"publish","type":"page","link":"https:\/\/garni-hotel-roedelheimerhof.de\/","title":{"rendered":"Garni-Hotel-Roedelheimerhof"},"content":{"rendered":"<p>[vc_row css=&#8221;.vc_custom_1452248884751{margin-top: 25px !important;}&#8221;][vc_column][vc_column_text c_id=&#8221;.vc_1542033912939&#8243;]<div id=\"metaslider-id-1703\" style=\"width: 100%; margin: 0 auto;\" class=\"ml-slider-3-109-0 metaslider metaslider-nivo metaslider-1703 ml-slider ms-theme-default\" role=\"region\" aria-label=\"Startseite\" data-height=\"400\" data-width=\"1400\">\n    <div id=\"metaslider_container_1703\">\n        <div class='slider-wrapper theme-default'><div class='ribbon'><\/div><div id='metaslider_1703' class='nivoSlider'><img src=\"https:\/\/garni-hotel-roedelheimerhof.de\/wp-content\/uploads\/rh-index-1276x364.jpg\" height=\"400\" width=\"1400\" title=\"rh-index\" alt=\"\" class=\"slider-1703 slide-1706 msDefaultImage\" \/><img src=\"https:\/\/garni-hotel-roedelheimerhof.de\/wp-content\/uploads\/hotel-frankfurt-rezeption-001-1400x400.jpg\" height=\"400\" width=\"1400\" title=\"hotel-frankfurt-rezeption-001\" alt=\"\" class=\"slider-1703 slide-2068 msDefaultImage\" \/><img src=\"https:\/\/garni-hotel-roedelheimerhof.de\/wp-content\/uploads\/hotel-frankfurt-rezeption-006-1400x400.jpg\" height=\"400\" width=\"1400\" title=\"hotel-frankfurt-rezeption-006\" alt=\"\" class=\"slider-1703 slide-2072 msDefaultImage\" \/><img src=\"https:\/\/garni-hotel-roedelheimerhof.de\/wp-content\/uploads\/hotel-frankfurt-fruehstuecksraum-001-1400x400.jpg\" height=\"400\" width=\"1400\" title=\"hotel-frankfurt-fruehstuecksraum-001\" alt=\"\" class=\"slider-1703 slide-2069 msDefaultImage\" \/><img src=\"https:\/\/garni-hotel-roedelheimerhof.de\/wp-content\/uploads\/hotel-frankfurt-fruehstuecksraum-005-1400x400.jpg\" height=\"400\" width=\"1400\" title=\"hotel-frankfurt-fruehstuecksraum-005\" alt=\"\" class=\"slider-1703 slide-2073 msDefaultImage\" \/><img src=\"https:\/\/garni-hotel-roedelheimerhof.de\/wp-content\/uploads\/Doppelbettzimmer51-1400x400.jpg\" height=\"400\" width=\"1400\" title=\"Doppelbettzimmer5\" alt=\"\" class=\"slider-1703 slide-1707 msDefaultImage\" \/><img src=\"https:\/\/garni-hotel-roedelheimerhof.de\/wp-content\/uploads\/12238292_1164647006896781_5656245165468549644_o-1400x400.jpg\" height=\"400\" width=\"1400\" title=\"12238292_1164647006896781_5656245165468549644_o\" alt=\"\" class=\"slider-1703 slide-1705 msDefaultImage\" \/><img src=\"https:\/\/garni-hotel-roedelheimerhof.de\/wp-content\/uploads\/12237966_1164646896896792_6273323633236795062_o-1400x400.jpg\" height=\"400\" width=\"1400\" title=\"12237966_1164646896896792_6273323633236795062_o\" alt=\"\" class=\"slider-1703 slide-1704 msDefaultImage\" \/><img src=\"https:\/\/garni-hotel-roedelheimerhof.de\/wp-content\/uploads\/Doppelbettzimmer5-1400x400.jpg\" height=\"400\" width=\"1400\" title=\"Doppelbettzimmer5\" alt=\"\" class=\"slider-1703 slide-1708 msDefaultImage\" \/><\/div><\/div>\n        \n    <\/div>\n<\/div>[\/vc_column_text][vc_column_text c_id=&#8221;.vc_1562599865683&#8243;]<\/p>\n<h2 style=\"color: black; text-align: center;\" align=\"center\">Direktbuchung:<\/h2>\n<div id=\"d21-quickbook\" style=\"text-align: center;\" data-d21=\"{'hasHorizontalOrientation':true}\"><\/div>\n<p>[\/vc_column_text][vc_column_text c_id=&#8221;.vc_1624453147077&#8243; h1_css=&#8221;font-weight:400;font-size:18px;&#8221; h3_css=&#8221;font-weight:600;font-size:16px;&#8221;]<\/p>\n<h3 style=\"text-align: center;\">Herzlich Willkommen im Garni Hotel R\u00f6delheimer Hof<\/h3>\n<p style=\"text-align: center;\">Sie suchen eine Unterkunft in Frankfurt am Main? Sie sind Gesch\u00e4ftsreisender, der die Frankfurter Messe besucht oder Privatperson, die allein oder mit der Familie eine Unterkunft in Frankfurt am Wochenende sucht?<br \/>\nUnd das zu einem fairen Preis\/ Leistungsverh\u00e4ltnis? Dann sind Sie bei uns genau richtig!<br \/>\nLassen Sie sich nicht unsere speziellen Wochenend- und Gruppenangebote entgehen!<br \/>\nSprechen Sie uns an und \u00fcberzeugen Sie sich selbst!<\/p>\n<p style=\"text-align: center;\">Unser Anliegen ist es, Ihren Aufenthalt in unserem Hotel in Frankfurt zu angenehm wie nur m\u00f6glich zu gestalten! Unser Hotelteam freut sich auf Ihren Besuch!<\/p>\n<h4 style=\"font-family: lucida calligraphy; color: #b26d30; text-align: center;\">Ihr Team vom Garni Hotel R\u00f6delheimer Hof<\/h4>\n<p>[\/vc_column_text][\/vc_column][\/vc_row][vc_row][vc_column width=&#8221;1\/3&#8243;][ivan_button target=&#8221;yes&#8221; border_r=&#8221;square&#8221; style=&#8221;no-border&#8221; icon_area=&#8221;text&#8221; icon_pos=&#8221;right&#8221; icon_cover=&#8221;yes&#8221; template=&#8221;primary-bg&#8221; c_id=&#8221;.vc_1559312666179&#8243; btn_css=&#8221;background-color:#b26d30;&#8221; icon_css=&#8221;background-color:#586301;background-color-hover:#20ccb5;&#8221; ico_txt=&#8221;Book Now!&#8221; el_class=&#8221;d21-trigger-ibe&#8221;]Online Buchen[\/ivan_button][\/vc_column][vc_column width=&#8221;1\/3&#8243;][\/vc_column][vc_column width=&#8221;1\/3&#8243;][ivan_button link=&#8221;\/buchungsanfrage\/&#8221; border_r=&#8221;square&#8221; style=&#8221;no-border&#8221; align=&#8221;to-right&#8221; icon_area=&#8221;text&#8221; icon_pos=&#8221;right&#8221; icon_cover=&#8221;yes&#8221; template=&#8221;primary-bg&#8221; c_id=&#8221;.vc_1452249323175&#8243; btn_css=&#8221;background-color:#b26d30;&#8221; icon_css=&#8221;background-color:#586301;background-color-hover:#20ccb5;&#8221; ico_txt=&#8221;senden!&#8221;]Buchungsanfrage[\/ivan_button][\/vc_column][\/vc_row][vc_row width=&#8221;full&#8221; bg_type=&#8221;image&#8221; bg_image_url=&#8221;483&#8243; bg_att=&#8221;fixed&#8221; overlay=&#8221;rgba(0,0,0,0.28)&#8221; p_top=&#8221;50&#8243; p_bottom=&#8221;50&#8243; m_bottom=&#8221;0&#8243;][vc_column][vc_column_text c_id=&#8221;.vc_1448972210708&#8243; h2_css=&#8221;font-weight:400;text-transform:uppercase;&#8221; h4_css=&#8221;font-weight:400;&#8221; css=&#8221;.vc_custom_1448972210708{padding-top: 25px !important;padding-bottom: 25px !important;}&#8221;]<\/p>\n<h2 class=\"title-heading\" style=\"text-align: center;\"><span style=\"color: #ffffff;\">HOTEL DE AWARD 2014<\/span><\/h2>\n<h4 class=\"sub\" style=\"text-align: center;\"><span style=\"color: #ffffff;\">Garni Hotel R\u00f6delheimer Hof. 7,4<\/span><\/h4>\n<p><a href=\"http:\/\/www.hotel.de\/de\/garni-hotel-roedelheimer-hof\/hotel-176330\/\" target=\"_blank\" rel=\"noopener noreferrer\"><img decoding=\"async\" loading=\"lazy\" class=\"aligncenter size-full wp-image-490\" src=\"https:\/\/garni-hotel-roedelheimerhof.de\/wp-content\/uploads\/HDE.png\" alt=\"HDE\" width=\"300\" height=\"65\" \/><\/a>[\/vc_column_text][\/vc_column][\/vc_row][vc_row][vc_column][vc_empty_space height=&#8221;75&#8243;][ivan_title title_tag=&#8221;h2&#8243; c_id=&#8221;.vc_1449483513503&#8243; title_css=&#8221;padding-bottom:25px;&#8221; sub=&#8221;Ob Gesch\u00e4fts- oder Privatreisen, Gruppen- oder Vereinsausfl\u00fcge, unser Bestreben ist es, Ihnen Ihren Aufenthalt in unserem Garni Hotel R\u00f6delheimer Hof in Frankfurt R\u00f6delheim so angenehm wie m\u00f6glich zu gestalten&#8221;]Unser Hotel[\/ivan_title][\/vc_column][\/vc_row][vc_row][vc_column width=&#8221;1\/3&#8243;][ivan_image_block ivan_bg_img=&#8221;44&#8243; ivan_img_size=&#8221;ivan_project_crop&#8221; heading=&#8221;Einzelzimmer ab 45,00 \u20ac pro Zimmer\/Nacht&#8221; f_btn_text=&#8221;zur Buchung&#8221; f_btn_link=&#8221;\/buchungsanfrage\/&#8221; c_id=&#8221;.vc_1562756635624&#8243; ivan_custom_height=&#8221;350&#8243;]modern eingerichtete Einzelzimmer mit Dusche, WLAN, Fenster zum \u00f6ffnen, Sat-TV, Haartrockner.[\/ivan_image_block][\/vc_column][vc_column width=&#8221;1\/3&#8243;][ivan_image_block ivan_bg_img=&#8221;42&#8243; ivan_img_size=&#8221;ivan_project_crop&#8221; heading=&#8221;Doppelzimmer ab 65,00 \u20ac pro Zimmer\/Nacht&#8221; f_btn_text=&#8221;zur Buchung&#8221; f_btn_link=&#8221;\/buchungsanfrage&#8221; c_id=&#8221;.vc_1562756656975&#8243; ivan_custom_height=&#8221;350&#8243;]modern eingerichtete Doppelzimmer mit Dusche oder Badewanne, WLAN, Fenster zum \u00f6ffnen, Sat-TV, Haartrockner.[\/ivan_image_block][\/vc_column][vc_column width=&#8221;1\/3&#8243;][ivan_image_block ivan_bg_img=&#8221;48&#8243; ivan_img_size=&#8221;ivan_project_crop&#8221; heading=&#8221;Drei- und Vierbettzimmer ab 75 \u20ac pro Zimmer\/Nacht&#8221; f_btn_text=&#8221;zur Buchung&#8221; f_btn_link=&#8221;\/buchungsanfrage&#8221; c_id=&#8221;.vc_1562756672266&#8243; ivan_custom_height=&#8221;350&#8243;]modern eingerichtete Drei- und Vierbettzimmer mit Dusche oder Badewanne, WLAN, Fenster zum \u00f6ffnen, Sat-TV, Haartrockner.[\/ivan_image_block][\/vc_column][\/vc_row][vc_row][vc_column][vc_column_text c_id=&#8221;.vc_1676023585447&#8243;]Sie finden unser Garni Hotel zentral und doch ruhig gelegen im Stadtteil R\u00f6delheim der Metropole Frankfurt am Main. Unser Garni Hotel wurde 2012 neu renoviert und bietet seinen \u00dcbernachtungsg\u00e4sten im angesagten Stadtteil R\u00f6delheim 38 modern eingerichtete G\u00e4stezimmer an. Der Stadtteil Frankfurt R\u00f6delheim ist sehr gut durch das \u00f6ffentliche Verkehrsnetz angebunden und sowohl per Bahn und Bus, als auch per Flugzeug dank des Frankfurter Flughafens erreichbar. Die Fahrzeit vom Garni Hotel R\u00f6delheimer Hof in die City von Frankfurt am Main betr\u00e4gt nur wenige Minuten und auch das Messegel\u00e4nde und die wichtigsten Sehensw\u00fcrdigkeiten Frankfurts sind nur zwei S-Bahnstationen von unserem Garni Hotel R\u00f6delheimer Hof im Stadtteil R\u00f6delheim entfernt.<\/p>\n<p>Das Verkehrsnetz von Frankfurt am Main ist aber auch f\u00fcr \u00dcbernachtungsg\u00e4ste unseres Garni Hotel R\u00f6delheimer Hof, die mit dem eigenen Auto anfahren, perfekt ausgebaut. Trotz der idealen Anbindungen finden Sie in unserem Garni Hotel in Frankfurt R\u00f6delheim eine ruhige Unterkunft und den perfekten Ausgleich zu einem anstrengenden Tag. Erholen Sie sich in Ihrem Zimmer in Frankfurt R\u00f6delheim von Ihrem Messebesuch oder von einem unterhaltsamen Einkaufstag auf der Frankfurter Shoppingmeile.<\/p>\n<p>Parkpl\u00e4tze, auch f\u00fcr Bus und LKW, sind in ausreichender Zahl und kostenfrei in direkter Umgebung um das Hotel Eschborner Hof in Frankfurt R\u00f6delheim vorhanden. So bieten wir nicht nur f\u00fcr Gesch\u00e4ftsreisende und Familien, sondern auch f\u00fcr Busgruppen und Schichtarbeiter einen idealen Schlafplatz f\u00fcr alle Aktivit\u00e4ten in und rund um Frankfurt am Main.[\/vc_column_text][vc_column_text c_id=&#8221;.vc_1563190822149&#8243;]<\/p>\n<h2 style=\"text-align: center;\">Die Rezeption als 360\u00b0 Bild<\/h2>\n<p>[\/vc_column_text][vc_raw_html]JTNDaWZyYW1lJTIwc3JjJTNEJTIyaHR0cHMlM0ElMkYlMkZ3d3cuZ29vZ2xlLmNvbSUyRm1hcHMlMkZlbWJlZCUzRnBiJTNEJTIxNHYxNTYzMTExMDkwMTUwJTIxNm04JTIxMW03JTIxMXNDQW9TTEVGR01WRnBjRTl6Y1RoQmFrOXRUVGhoTkV0UFkybE9WMGxIUldkUExWTlpNRlkwYTFaV00yaFZXVFpXJTIxMm0yJTIxMWQ1MC4xMzI0NzcxNDA1MzclMjEyZDguNTkzNTAzNDU1Mjg1MSUyMTNmMzIzLjg4MDA4OTE2MzQ2NjglMjE0Zi04Ljc3MzkxMDY2MTc5NDA0OCUyMTVmMC40MDAwMDAwMDAwMDAwMDAyJTIyJTIwd2lkdGglM0QlMjIxMDAlMjUlMjIlMjBoZWlnaHQlM0QlMjI0NTAlMjIlMjBmcmFtZWJvcmRlciUzRCUyMjAlMjIlMjBzdHlsZSUzRCUyMmJvcmRlciUzQTAlMjIlMjBhbGxvd2Z1bGxzY3JlZW4lM0UlM0MlMkZpZnJhbWUlM0UlMEE=[\/vc_raw_html][vc_column_text c_id=&#8221;.vc_1563190872951&#8243;]<\/p>\n<h2 style=\"text-align: center;\">Was zufriedene Kunden sagen&#8230;[\/vc_column_text][ivan_carousel ivan_columns=&#8221;3&#8243; ivan_columns_desktop=&#8221;3&#8243; ivan_columns_desktop_small=&#8221;3&#8243; ivan_columns_tablet=&#8221;2&#8243; ivan_columns_mobile=&#8221;1&#8243; margin=&#8221;normal&#8221; c_id=&#8221;.vc_1449742960382&#8243; block_css=&#8221;margin-bottom:50px;padding-bottom:50px;&#8221;][ivan_testimonial q_style=&#8221;boxed-left&#8221; c_id=&#8221;.vc_1449050133178&#8243; author=&#8221;Thomas&#8221; desc=&#8221;Alter: 51-55&#8243;]F\u00fcr Frankfurt sehr gutes Preis-Leistungsverh\u00e4ltnis.<\/h2>\n<p>Trotz Autobahn-und Eisenbahn -N\u00e4he recht ruhig. Auto-Anfahrt etwas verwirrend<br \/>\n(ohne Navi w\u00e4re ich aufgeschmissen gewesen).<br \/>\nUmgebung Kleingewerbegebiet. Aber zum reinen \u00dcbernachten ohne Anspr\u00fcche o.k.<br \/>\nIch w\u00fcrde wohl wieder buchen.[\/ivan_testimonial][ivan_testimonial q_style=&#8221;boxed-left&#8221; c_id=&#8221;.vc_1449050158717&#8243; author=&#8221;Dirk&#8221; desc=&#8221;Alter: 41-45&#8243;]Gute \u00dcbernachtungsm\u00f6glichkeit<\/p>\n<p>Ich habe das Hotel zum Start in meinen Urlaub genutzt da ich in der Nacht zum Flughafen fahren musste. Das Hotel ist f\u00fcr solche Zwecke und f\u00fcr eine kurze \u00dcbernachtungsm\u00f6glichkeit zu empfehlen.[\/ivan_testimonial][ivan_testimonial q_style=&#8221;boxed-left&#8221; c_id=&#8221;.vc_1449050541371&#8243; author=&#8221;Holger&#8221; desc=&#8221;Alter: 46-50&#8243;]Gerne wieder&#8230;<\/p>\n<p>Ich war zum zweiten mal in diesem Hotel und komme gerne wieder. F\u00fcr einen kurzen Aufenthalt bestens geeignet.<br \/>\nModerne Zimmer inkl. Wlan.<br \/>\nFreundliche Mitarbeiter, top.[\/ivan_testimonial][ivan_testimonial q_style=&#8221;boxed-left&#8221; c_id=&#8221;.vc_1449050531761&#8243; author=&#8221;LD&#8221; desc=&#8221;Alter: &gt;70&#8243;]Sehr hilfsbereit<\/p>\n<p>Wir waren eine Gruppe ehemaliger Arbeitskollegen im Aussendienst, die sich auch nach 3o Jahren noch einmal j\u00e4hrlich treffen.<br \/>\nF\u00fcr unsere Stadtrundfahrten und Ausfl\u00fcge hat man uns mit dem Hotel-Bus zum Bahnhof gebracht und auch wieder<br \/>\nabgeholt, toll, da wir ja nicht mehr die J\u00fcngsten sind. Das Fr\u00fchst\u00fcck war gut, alles da was man will, M\u00fcsli, Saft usw.<br \/>\nDie Mitarbeiter waren sehr freundlich und aufmerksam.[\/ivan_testimonial][\/ivan_carousel][\/vc_column][\/vc_row][vc_row][vc_column width=&#8221;1\/4&#8243;][\/vc_column][vc_column width=&#8221;1\/4&#8243;][vc_column_text c_id=&#8221;.vc_1563359630504&#8243;]<\/p>\n<h4 style=\"text-align: center;\">Das Garni Hotel R\u00f6delheimer Hof auf Facebook<\/h4>\n<h4 style=\"text-align: center;\"><a href=\"https:\/\/www.facebook.com\/garnihotelroedelheimerhof\/\" target=\"_blank\" rel=\"noopener noreferrer\"><img decoding=\"async\" style=\"width: 100px;\" src=\"\/wp-content\/uploads\/FB-Logo.png\" \/><\/a><\/h4>\n<p>[\/vc_column_text][\/vc_column][vc_column width=&#8221;1\/4&#8243;][vc_column_text c_id=&#8221;.vc_1563359660877&#8243;]<\/p>\n<h4 style=\"text-align: center;\">Das Garni Hotel R\u00f6delheimer Hof auf Instagram<\/h4>\n<h4 style=\"text-align: center;\"><a href=\"https:\/\/www.instagram.com\/garnihotelroedelheimerhof\/\" target=\"_blank\" rel=\"noopener noreferrer\"><img decoding=\"async\" style=\"width: 100px;\" src=\"\/wp-content\/uploads\/instagram-logo.png\" \/><\/a><\/h4>\n<p>[\/vc_column_text][\/vc_column][vc_column width=&#8221;1\/4&#8243;][\/vc_column][\/vc_row]<\/p>\n","protected":false},"excerpt":{"rendered":"<p>[vc_row css=&#8221;.vc_custom_1452248884751{margin-top: 25px !important;}&#8221;][vc_column][vc_column_text c_id=&#8221;.vc_1542033912939&#8243;][\/vc_column_text][vc_column_text c_id=&#8221;.vc_1562599865683&#8243;] Direktbuchung: [\/vc_column_text][vc_column_text c_id=&#8221;.vc_1624453147077&#8243; h1_css=&#8221;font-weight:400;font-size:18px;&#8221; h3_css=&#8221;font-weight:600;font-size:16px;&#8221;] Herzlich Willkommen im Garni Hotel R\u00f6delheimer Hof Sie suchen eine Unterkunft in Frankfurt am Main? Sie sind Gesch\u00e4ftsreisender, der die Frankfurter Messe besucht oder Privatperson, die allein oder mit der Familie eine Unterkunft in Frankfurt am Wochenende sucht? Und das zu einem fairen Preis\/ [&hellip;]<\/p>\n","protected":false},"author":1,"featured_media":0,"parent":0,"menu_order":0,"comment_status":"closed","ping_status":"closed","template":"","meta":[],"aioseo_notices":[],"_links":{"self":[{"href":"https:\/\/garni-hotel-roedelheimerhof.de\/index.php?rest_route=\/wp\/v2\/pages\/461"}],"collection":[{"href":"https:\/\/garni-hotel-roedelheimerhof.de\/index.php?rest_route=\/wp\/v2\/pages"}],"about":[{"href":"https:\/\/garni-hotel-roedelheimerhof.de\/index.php?rest_route=\/wp\/v2\/types\/page"}],"author":[{"embeddable":true,"href":"https:\/\/garni-hotel-roedelheimerhof.de\/index.php?rest_route=\/wp\/v2\/users\/1"}],"replies":[{"embeddable":true,"href":"https:\/\/garni-hotel-roedelheimerhof.de\/index.php?rest_route=%2Fwp%2Fv2%2Fcomments&post=461"}],"version-history":[{"count":223,"href":"https:\/\/garni-hotel-roedelheimerhof.de\/index.php?rest_route=\/wp\/v2\/pages\/461\/revisions"}],"predecessor-version":[{"id":2554,"href":"https:\/\/garni-hotel-roedelheimerhof.de\/index.php?rest_route=\/wp\/v2\/pages\/461\/revisions\/2554"}],"wp:attachment":[{"href":"https:\/\/garni-hotel-roedelheimerhof.de\/index.php?rest_route=%2Fwp%2Fv2%2Fmedia&parent=461"}],"curies":[{"name":"wp","href":"https:\/\/api.w.org\/{rel}","templated":true}]}}