{"id":13,"date":"2013-09-03T07:48:03","date_gmt":"2013-09-03T07:48:03","guid":{"rendered":"https:\/\/garni-hotel-roedelheimerhof.de\/?page_id=13"},"modified":"2019-07-10T09:39:09","modified_gmt":"2019-07-10T09:39:09","slug":"umgebung","status":"publish","type":"page","link":"https:\/\/garni-hotel-roedelheimerhof.de\/?page_id=13","title":{"rendered":"Umgebung"},"content":{"rendered":"<p>[vc_row][vc_column width=&#8221;2\/3&#8243;][vc_column_text c_id=&#8221;.vc_1448991615268&#8243;]<\/p>\n<h2>Tipps f\u00fcr Ihre Freizeit&#8230;<\/h2>\n<table>\n<tbody>\n<tr>\n<td><a href=\"https:\/\/garni-hotel-roedelheimerhof.de\/wp-content\/uploads\/frankfurt-roedelheim.jpg\"><img decoding=\"async\" style=\"float: left; margin-right: 20px;\" src=\"https:\/\/garni-hotel-roedelheimerhof.de\/wp-content\/uploads\/frankfurt-roedelheim-300x200.jpg\" alt=\"frankfurt-roedelheim\" \/><\/a><\/p>\n<h2>Frankfurt R\u00f6delheim<\/h2>\n<p>R\u00f6delheim ist einer der \u00e4ltesten Stadtteile Frankfurts.<br \/>\nBesonders bekannt durch den \u00fcber 1.300 qm gro\u00dfen Brentano Park mit dem legend\u00e4ren Petrihaus.<\/td>\n<\/tr>\n<tr>\n<td><a href=\"https:\/\/garni-hotel-roedelheimerhof.de\/wp-content\/uploads\/klein-mainhattan.jpg\"><img decoding=\"async\" style=\"float: left; margin-right: 20px;\" src=\"https:\/\/garni-hotel-roedelheimerhof.de\/wp-content\/uploads\/klein-mainhattan-300x200.jpg\" alt=\"klein-mainhattan\" \/><\/a><\/p>\n<h2>Klein Manhattan<\/h2>\n<p>Die Banken-Metropole am Main wird von den Frankfurtern auch liebevoll &#8220;Klein Mainhattan&#8221; genannt.<br \/>\nLassen Sie sich von der Architektur in Frankfurt inspirieren.<\/td>\n<\/tr>\n<tr>\n<td><a href=\"https:\/\/garni-hotel-roedelheimerhof.de\/wp-content\/uploads\/messe-frankfurt.jpg\"><img decoding=\"async\" style=\"float: left; margin-right: 20px;\" src=\"https:\/\/garni-hotel-roedelheimerhof.de\/wp-content\/uploads\/messe-frankfurt-300x200.jpg\" alt=\"messe-frankfurt\" \/><\/a><\/p>\n<h2>Messe in Frankfurt am Main<\/h2>\n<p>Frankfurt ist durch seine st\u00e4ndig wechselnden Messen weltweit bekannt.<br \/>\nDie Messe zieht j\u00e4hrlich tausende internationaler und einheimischer G\u00e4ste an.<\/td>\n<\/tr>\n<tr>\n<td><a href=\"https:\/\/garni-hotel-roedelheimerhof.de\/wp-content\/uploads\/senkenberg-museum.jpg\"><img decoding=\"async\" style=\"float: left; margin-right: 20px;\" src=\"https:\/\/garni-hotel-roedelheimerhof.de\/wp-content\/uploads\/senkenberg-museum-300x200.jpg\" alt=\"senkenberg-museum\" \/><\/a><\/p>\n<h2>Senkenbergmuseum<\/h2>\n<p>Die Museumslandschaft in Frankfurt am Main ist sehr vielf\u00e4ltig.<br \/>\nDie Stadt Frankfurt bietet fast 40 Museen mit unterschiedlichen Schwerpunkten.<\/td>\n<\/tr>\n<tr>\n<td><a href=\"https:\/\/garni-hotel-roedelheimerhof.de\/wp-content\/uploads\/alte-oper-frankfurt.jpg\"><img decoding=\"async\" style=\"float: left; margin-right: 20px;\" src=\"https:\/\/garni-hotel-roedelheimerhof.de\/wp-content\/uploads\/alte-oper-frankfurt-300x200.jpg\" alt=\"alte-oper-frankfurt\" \/><\/a><\/p>\n<h2>Alte Oper in Frankfurt am Main<\/h2>\n<p>Die alte Oper ist ein weltbekanntes Konzert- und Kongresshaus.<br \/>\nSeit ihrer Wiederer\u00f6ffnung im August 1981 ist die Alte Oper aus dem Frankfurter Kulturleben nicht mehr wegzudenken.<br \/>\nDar\u00fcber hinaus hat sich das Konzerthaus einen festen Platz im internationalen Musikleben erobert.<\/td>\n<\/tr>\n<tr>\n<td><a href=\"https:\/\/garni-hotel-roedelheimerhof.de\/wp-content\/uploads\/galerie-zeil.jpg\"><img decoding=\"async\" style=\"float: left; margin-right: 20px;\" src=\"https:\/\/garni-hotel-roedelheimerhof.de\/wp-content\/uploads\/galerie-zeil-300x200.jpg\" alt=\"galerie-zeil\" \/><\/a><\/p>\n<h2>Galerie Zeil<\/h2>\n<p>Die Zeilgalerie an der Hauptwache im Herzen von Frankfurt ist immer einen Shoppingbesuch wert.<\/td>\n<\/tr>\n<tr>\n<td><a href=\"https:\/\/garni-hotel-roedelheimerhof.de\/wp-content\/uploads\/weihnachtsmarkt-frankfurt.jpg\"><img decoding=\"async\" style=\"float: left; margin-right: 20px;\" src=\"https:\/\/garni-hotel-roedelheimerhof.de\/wp-content\/uploads\/weihnachtsmarkt-frankfurt-300x200.jpg\" alt=\"weihnachtsmarkt-frankfurt\" \/><\/a><\/p>\n<h2>Weinachtsmarkt im Frankfurt am Main<\/h2>\n<p>Wer romantische Geschenkideen sucht, sollte sich auf den Weg zum Weihnachtsmarkt auf den R\u00f6merberg machen.<br \/>\nDer Frankfurter Weihnachtsmarkt geh\u00f6rt zu den \u00e4ltesten und sch\u00f6nsten in Deutschland.<\/td>\n<\/tr>\n<tr>\n<td><a href=\"https:\/\/garni-hotel-roedelheimerhof.de\/wp-content\/uploads\/main-spaziergang.jpg\"><img decoding=\"async\" style=\"float: left; margin-right: 20px;\" src=\"https:\/\/garni-hotel-roedelheimerhof.de\/wp-content\/uploads\/main-spaziergang-300x200.jpg\" alt=\"main-spaziergang\" \/><\/a><\/p>\n<h2>Spaziergang am Main<\/h2>\n<p>Ein Spaziergang durch die historische Frankfurter Altstadt ist ein fazinierendes Erlebnis f\u00fcr jung und alt.<\/td>\n<\/tr>\n<tr>\n<td><a href=\"https:\/\/garni-hotel-roedelheimerhof.de\/wp-content\/uploads\/zoo-frankfurt.jpg\"><img decoding=\"async\" style=\"float: left; margin-right: 20px;\" src=\"https:\/\/garni-hotel-roedelheimerhof.de\/wp-content\/uploads\/zoo-frankfurt-300x225.jpg\" alt=\"zoo-frankfurt\" \/><\/a><\/p>\n<h2>Zoo Frankfurt &#8211; Was gibt&#8217;s zu sehen?<\/h2>\n<p>Als Natur-Oase inmitten der Gro\u00dfstadt zeigt der Zoo Frankfurt eine Vielzahl seltener Tierarten und einzigartige Nachth\u00e4user.<\/td>\n<\/tr>\n<tr>\n<td><a href=\"https:\/\/garni-hotel-roedelheimerhof.de\/wp-content\/uploads\/dippemess-frankfurt.jpg\"><img decoding=\"async\" style=\"float: left; margin-right: 20px;\" src=\"https:\/\/garni-hotel-roedelheimerhof.de\/wp-content\/uploads\/dippemess-frankfurt-300x200.jpg\" alt=\"dippemess-frankfurt\" \/><\/a><\/p>\n<h2>Frankfurter Dippemess<\/h2>\n<p>Ein Erlebnis f\u00fcr jung und alt.<\/td>\n<\/tr>\n<tr>\n<td><a href=\"https:\/\/garni-hotel-roedelheimerhof.de\/wp-content\/uploads\/tigerpalast.jpg\"><img decoding=\"async\" style=\"float: left; margin-right: 20px;\" src=\"https:\/\/garni-hotel-roedelheimerhof.de\/wp-content\/uploads\/tigerpalast-300x213.jpg\" alt=\"tigerpalast\" \/><\/a><\/p>\n<h2>Tigerpalast Variet\u00e9 Theater<\/h2>\n<p>Lassen Sie sich verzaubern von der unverwechselbaren Atmosph\u00e4re des Tigerpalast Variet\u00e9 Theaters.<br \/>\nIm klassischen Ambiente des Variet\u00e9saals erleben Sie faszinierende Pers\u00f6nlichkeiten der Artistik unserer Zeit.<\/td>\n<\/tr>\n<\/tbody>\n<\/table>\n<p>[\/vc_column_text][\/vc_column][vc_column width=&#8221;1\/3&#8243;][vc_column_text c_id=&#8221;.vc_1562751535844&#8243;]<\/p>\n<h2 style=\"color: black; text-align: center;\" align=\"center\">Direktbuchung:<\/h2>\n<div id=\"d21-quickbook\"><\/div>\n<p>[\/vc_column_text][\/vc_column][\/vc_row]<\/p>\n","protected":false},"excerpt":{"rendered":"<p>[vc_row][vc_column width=&#8221;2\/3&#8243;][vc_column_text c_id=&#8221;.vc_1448991615268&#8243;] Tipps f\u00fcr Ihre Freizeit&#8230; Frankfurt R\u00f6delheim R\u00f6delheim ist einer der \u00e4ltesten Stadtteile Frankfurts. Besonders bekannt durch den \u00fcber 1.300 qm gro\u00dfen Brentano Park mit dem legend\u00e4ren Petrihaus. Klein Manhattan Die Banken-Metropole am Main wird von den Frankfurtern auch liebevoll &#8220;Klein Mainhattan&#8221; genannt. Lassen Sie sich von der Architektur in Frankfurt inspirieren. Messe [&hellip;]<\/p>\n","protected":false},"author":1,"featured_media":0,"parent":0,"menu_order":3,"comment_status":"closed","ping_status":"open","template":"","meta":[],"aioseo_notices":[],"_links":{"self":[{"href":"https:\/\/garni-hotel-roedelheimerhof.de\/index.php?rest_route=\/wp\/v2\/pages\/13"}],"collection":[{"href":"https:\/\/garni-hotel-roedelheimerhof.de\/index.php?rest_route=\/wp\/v2\/pages"}],"about":[{"href":"https:\/\/garni-hotel-roedelheimerhof.de\/index.php?rest_route=\/wp\/v2\/types\/page"}],"author":[{"embeddable":true,"href":"https:\/\/garni-hotel-roedelheimerhof.de\/index.php?rest_route=\/wp\/v2\/users\/1"}],"replies":[{"embeddable":true,"href":"https:\/\/garni-hotel-roedelheimerhof.de\/index.php?rest_route=%2Fwp%2Fv2%2Fcomments&post=13"}],"version-history":[{"count":26,"href":"https:\/\/garni-hotel-roedelheimerhof.de\/index.php?rest_route=\/wp\/v2\/pages\/13\/revisions"}],"predecessor-version":[{"id":1987,"href":"https:\/\/garni-hotel-roedelheimerhof.de\/index.php?rest_route=\/wp\/v2\/pages\/13\/revisions\/1987"}],"wp:attachment":[{"href":"https:\/\/garni-hotel-roedelheimerhof.de\/index.php?rest_route=%2Fwp%2Fv2%2Fmedia&parent=13"}],"curies":[{"name":"wp","href":"https:\/\/api.w.org\/{rel}","templated":true}]}}