{"id":11,"date":"2013-09-03T07:47:49","date_gmt":"2013-09-03T07:47:49","guid":{"rendered":"https:\/\/garni-hotel-roedelheimerhof.de\/?page_id=11"},"modified":"2025-01-22T15:09:40","modified_gmt":"2025-01-22T15:09:40","slug":"angebote","status":"publish","type":"page","link":"https:\/\/garni-hotel-roedelheimerhof.de\/?page_id=11","title":{"rendered":"Angebote"},"content":{"rendered":"<p>[vc_row][vc_column][vc_column_text c_id=&#8221;.vc_1542035574022&#8243;]<div id=\"metaslider-id-1703\" style=\"width: 100%; margin: 0 auto;\" class=\"ml-slider-3-109-0 metaslider metaslider-nivo metaslider-1703 ml-slider ms-theme-default\" role=\"region\" aria-label=\"Startseite\" data-height=\"400\" data-width=\"1400\">\n    <div id=\"metaslider_container_1703\">\n        <div class='slider-wrapper theme-default'><div class='ribbon'><\/div><div id='metaslider_1703' class='nivoSlider'><img src=\"https:\/\/garni-hotel-roedelheimerhof.de\/wp-content\/uploads\/rh-index-1276x364.jpg\" height=\"400\" width=\"1400\" title=\"rh-index\" alt=\"\" class=\"slider-1703 slide-1706 msDefaultImage\" \/><img src=\"https:\/\/garni-hotel-roedelheimerhof.de\/wp-content\/uploads\/hotel-frankfurt-rezeption-001-1400x400.jpg\" height=\"400\" width=\"1400\" title=\"hotel-frankfurt-rezeption-001\" alt=\"\" class=\"slider-1703 slide-2068 msDefaultImage\" \/><img src=\"https:\/\/garni-hotel-roedelheimerhof.de\/wp-content\/uploads\/hotel-frankfurt-rezeption-006-1400x400.jpg\" height=\"400\" width=\"1400\" title=\"hotel-frankfurt-rezeption-006\" alt=\"\" class=\"slider-1703 slide-2072 msDefaultImage\" \/><img src=\"https:\/\/garni-hotel-roedelheimerhof.de\/wp-content\/uploads\/hotel-frankfurt-fruehstuecksraum-001-1400x400.jpg\" height=\"400\" width=\"1400\" title=\"hotel-frankfurt-fruehstuecksraum-001\" alt=\"\" class=\"slider-1703 slide-2069 msDefaultImage\" \/><img src=\"https:\/\/garni-hotel-roedelheimerhof.de\/wp-content\/uploads\/hotel-frankfurt-fruehstuecksraum-005-1400x400.jpg\" height=\"400\" width=\"1400\" title=\"hotel-frankfurt-fruehstuecksraum-005\" alt=\"\" class=\"slider-1703 slide-2073 msDefaultImage\" \/><img src=\"https:\/\/garni-hotel-roedelheimerhof.de\/wp-content\/uploads\/Doppelbettzimmer51-1400x400.jpg\" height=\"400\" width=\"1400\" title=\"Doppelbettzimmer5\" alt=\"\" class=\"slider-1703 slide-1707 msDefaultImage\" \/><img src=\"https:\/\/garni-hotel-roedelheimerhof.de\/wp-content\/uploads\/12238292_1164647006896781_5656245165468549644_o-1400x400.jpg\" height=\"400\" width=\"1400\" title=\"12238292_1164647006896781_5656245165468549644_o\" alt=\"\" class=\"slider-1703 slide-1705 msDefaultImage\" \/><img src=\"https:\/\/garni-hotel-roedelheimerhof.de\/wp-content\/uploads\/12237966_1164646896896792_6273323633236795062_o-1400x400.jpg\" height=\"400\" width=\"1400\" title=\"12237966_1164646896896792_6273323633236795062_o\" alt=\"\" class=\"slider-1703 slide-1704 msDefaultImage\" \/><img src=\"https:\/\/garni-hotel-roedelheimerhof.de\/wp-content\/uploads\/Doppelbettzimmer5-1400x400.jpg\" height=\"400\" width=\"1400\" title=\"Doppelbettzimmer5\" alt=\"\" class=\"slider-1703 slide-1708 msDefaultImage\" \/><\/div><\/div>\n        \n    <\/div>\n<\/div>[\/vc_column_text][vc_column_text c_id=&#8221;.vc_1562600776401&#8243;]<\/p>\n<h2 style=\"color: black; text-align: center;\" align=\"center\">Direktbuchung:<\/h2>\n<div id=\"d21-quickbook\" data-d21=\"{'hasHorizontalOrientation':true}\"><\/div>\n<p>[\/vc_column_text][vc_column_text c_id=&#8221;.vc_1562602217673&#8243;]<\/p>\n<h1>Happy &#8211; Weekend &#8211; Angebot<\/h1>\n<p>F\u00fcr Ihre Wochenendtrips oder zu Event- und Sportveranstaltungen in Frankfurt halten wir gerne unsere Mehrbettzimmer f\u00fcr Sie bereit.<\/p>\n<p>Preisbeispiel f\u00fcr ein 4-Bett Zimmer inclusive Fr\u00fchst\u00fcck<br \/>\npro Tag <b>nur 99,00 \u20ac<\/b><\/p>\n<p>Au\u00dferdem sind besondere Rabatte f\u00fcr Gruppen, Senioren, Vereine oder Busreisende bis 50 Personen bei uns selbstverst\u00e4ndlich![\/vc_column_text][\/vc_column][\/vc_row][vc_row][vc_column width=&#8221;1\/2&#8243;][vc_single_image image=&#8221;93&#8243; css_animation=&#8221;appear&#8221; img_size=&#8221;medium&#8221;][\/vc_column][vc_column width=&#8221;1\/2&#8243;][ivan_button link=&#8221;https:\/\/garni-hotel-roedelheimerhof.de\/buchungsanfrage\/&#8221; size=&#8221;compact&#8221; border_r=&#8221;round-square&#8221; style=&#8221;no-border&#8221; icon_area=&#8221;text&#8221; icon_pos=&#8221;right&#8221; icon_cover=&#8221;yes&#8221; template=&#8221;primary-bg&#8221; c_id=&#8221;.vc_1448990274793&#8243; btn_css=&#8221;background-color:#b26d30;background-color-hover:#dd9933;margin-bottom:30px;&#8221; icon_css=&#8221;background-color:#a5d117;&#8221; ico_txt=&#8221;senden!&#8221;]Buchungsanfrage[\/ivan_button][\/vc_column][\/vc_row][vc_row width=&#8221;full&#8221; bg_type=&#8221;image&#8221; bg_image_url=&#8221;483&#8243; bg_att=&#8221;fixed&#8221; overlay=&#8221;rgba(0,0,0,0.28)&#8221; p_top=&#8221;50&#8243; p_bottom=&#8221;50&#8243;][vc_column][vc_column_text c_id=&#8221;.vc_1448990410325&#8243; css=&#8221;.vc_custom_1448990410325{padding-top: 25px !important;padding-bottom: 25px !important;}&#8221;]<\/p>\n<h2 class=\"title-heading\" style=\"text-align: center;\"><span style=\"color: #ffffff;\">HOTEL DE AWARD 2014<\/span><\/h2>\n<h4 class=\"sub\" style=\"text-align: center;\"><span style=\"color: #ffffff;\">Garni Hotel R\u00f6delheimer Hof. 7,4<\/span><\/h4>\n<p><a href=\"http:\/\/www.hotel.de\/de\/garni-hotel-roedelheimer-hof\/hotel-176330\/\" target=\"_blank\" rel=\"noopener noreferrer\"><img decoding=\"async\" loading=\"lazy\" class=\"aligncenter size-full wp-image-490\" src=\"https:\/\/garni-hotel-roedelheimerhof.de\/wp-content\/uploads\/HDE.png\" alt=\"HDE\" width=\"300\" height=\"65\" \/><\/a>[\/vc_column_text][\/vc_column][\/vc_row][vc_row][vc_column][vc_column_text c_id=&#8221;.vc_1737558578308&#8243;]<\/p>\n<h3 style=\"text-align: center;\">Parkpl\u00e4tze direkt am Hotel | Kostenloses WLAN<\/h3>\n<p>[\/vc_column_text][\/vc_column][\/vc_row]<\/p>\n","protected":false},"excerpt":{"rendered":"<p>[vc_row][vc_column][vc_column_text c_id=&#8221;.vc_1542035574022&#8243;][\/vc_column_text][vc_column_text c_id=&#8221;.vc_1562600776401&#8243;] Direktbuchung: [\/vc_column_text][vc_column_text c_id=&#8221;.vc_1562602217673&#8243;] Happy &#8211; Weekend &#8211; Angebot F\u00fcr Ihre Wochenendtrips oder zu Event- und Sportveranstaltungen in Frankfurt halten wir gerne unsere Mehrbettzimmer f\u00fcr Sie bereit. Preisbeispiel f\u00fcr ein 4-Bett Zimmer inclusive Fr\u00fchst\u00fcck pro Tag nur 99,00 \u20ac Au\u00dferdem sind besondere Rabatte f\u00fcr Gruppen, Senioren, Vereine oder Busreisende bis 50 Personen bei [&hellip;]<\/p>\n","protected":false},"author":1,"featured_media":0,"parent":0,"menu_order":1,"comment_status":"closed","ping_status":"open","template":"","meta":[],"aioseo_notices":[],"_links":{"self":[{"href":"https:\/\/garni-hotel-roedelheimerhof.de\/index.php?rest_route=\/wp\/v2\/pages\/11"}],"collection":[{"href":"https:\/\/garni-hotel-roedelheimerhof.de\/index.php?rest_route=\/wp\/v2\/pages"}],"about":[{"href":"https:\/\/garni-hotel-roedelheimerhof.de\/index.php?rest_route=\/wp\/v2\/types\/page"}],"author":[{"embeddable":true,"href":"https:\/\/garni-hotel-roedelheimerhof.de\/index.php?rest_route=\/wp\/v2\/users\/1"}],"replies":[{"embeddable":true,"href":"https:\/\/garni-hotel-roedelheimerhof.de\/index.php?rest_route=%2Fwp%2Fv2%2Fcomments&post=11"}],"version-history":[{"count":55,"href":"https:\/\/garni-hotel-roedelheimerhof.de\/index.php?rest_route=\/wp\/v2\/pages\/11\/revisions"}],"predecessor-version":[{"id":2607,"href":"https:\/\/garni-hotel-roedelheimerhof.de\/index.php?rest_route=\/wp\/v2\/pages\/11\/revisions\/2607"}],"wp:attachment":[{"href":"https:\/\/garni-hotel-roedelheimerhof.de\/index.php?rest_route=%2Fwp%2Fv2%2Fmedia&parent=11"}],"curies":[{"name":"wp","href":"https:\/\/api.w.org\/{rel}","templated":true}]}}